
False
Suppose -5*h - 11564 = -3*s + 2949, 20 = -5*h. Suppose -s = -5*x + 2494. Is x prime?
False
Let j = -129 + 129. Suppose j = -5*y + 472 + 798. Is y composite?
True
Suppose 2557 = 4*z + 2*d - 7169, 3*z - 7293 = -2*d. Suppose 3*f - 12700 = 2*k, -f + k = 2*k - 4235. Let g = f - z. Is g composite?
False
Suppose -2*z + 7*z - 228 = -n, 0 = -z - n + 44. Suppose 4*f + x - 67 = 0, 24*f - 22*f - 5*x - 17 = 0. Suppose z = -f*i + 1374. Is i a composite number?
False
Suppose 0 = 17*f + 558 + 1278. Is 13585/3 - 8*9/f a prime number?
False
Let t(j) = -j - 29. Let a be t(24). Let i = 87 + a. Suppose -4*u + i = -7914. Is u a composite number?
False
Suppose -156*w + 14750896 + 16956764 + 2691120 = 0. Is w composite?
True
Let c(o) = 13361*o**2 - 288*o - 1135. Is c(-4) prime?
False
Let r = -208 - -211. Suppose 6*b = 7*b - k - 4196, -r*b - k + 12608 = 0. Is b a composite number?
False
Let v(h) = h**3 - 4*h**2 - 3*h - 49. Let d be (-1586)/(-130) + 2/(-10). Is v(d) prime?
False
Let l = 47071 + 28356. Is l composite?
True
Suppose 2*s + 2*s - 34 = -3*p, 3*p = -s + 4. Let x(f) = -12 - 199*f - 13 + s. Is x(-4) a composite number?
True
Suppose -4*l - 4*i = -16192, 199*i - 194*i + 4084 = l. Is l a composite number?
True
Is (695101708/903)/(0 + 4/3) a prime number?
True
Let b(t) = -21*t - 2. Let i be b(6). Let o be -4 + -5 + 15/1 + -8. Is o/16 + (-2832)/i a prime number?
False
Suppose 73*i + 9810764 = 149*i. Is i a prime number?
True
Let r(p) = 39075*p - 3262. Is r(3) a prime number?
True
Suppose 14*n + 52 + 4 = 0. Let x(a) = -46*a**3 + 7*a**2 + 16*a + 4. Let j be x(n). Let c = j + -829. Is c prime?
False
Let p = 94515 + 29656. Is p a composite number?
False
Suppose -4*m + 932 = -27387 + 5827. Is m a prime number?
True
Let y(k) = -64*k**3 - k**2 - 6*k + 3. Let o be y(2). Suppose 3*i + 2*w + 3*w = 3275, 2*i + 4*w - 2184 = 0. Let t = o + i. Is t composite?
True
Suppose -184 = -2*q + 5*c, c = 10*q - 12*q + 172. Let w = 108 - q. Is (-7)/(w/(-9)) + 988 a prime number?
True
Suppose i + 1 = 2*h - 3, -3*h = -2*i - 6. Let y(r) = -8*r - 3 + 7*r + r**h - 12. Is y(-8) composite?
True
Let h(y) = 2449*y**2 - 33*y + 169. Is h(9) a composite number?
False
Suppose 7*y - 792 = -4*y. Suppose -3*q - y = -3*s + 48, 0 = -4*s + 5*q + 163. Is s a composite number?
False
Suppose -4*y + 3*y - 4*o - 50406 = 0, -2*o - 151248 = 3*y. Is y/(-20) - (-3)/30 prime?
True
Let n(o) = -2122*o - 121. Let d(u) = -u**3 - 12*u**2 - 25*u + 14. Let x be d(-9). Is n(x) composite?
True
Is -5*(11061840/(-75))/8 a prime number?
False
Let b = 590598 - -257209. Is b a prime number?
False
Let r = 798419 - -214980. Is r a prime number?
True
Suppose 3*l - 1995 = 3*g, 5*l + 3*g - 3335 = -2*g. Suppose 14*i = 11*i + l. Let k = 561 - i. Is k a prime number?
False
Let q = -691 - -1341. Suppose 3*r - q = 6652. Is r a composite number?
True
Suppose 0 = -5*d + 2*h + 869511, 2*d - 109478 = 5*h + 238318. Is d prime?
False
Let n = 3413 - -23478. Is n prime?
True
Let a be 8/(-8) - 6 - -5224. Let g = 5342 + a. Is g a composite number?
False
Let s = 179 - 176. Suppose -u = -3*r + s*u + 10821, 4*u - 14400 = -4*r. Is r composite?
True
Let v(f) = f**3 + f**2 + 16*f - 3. Suppose -m + 6 = -5*c, m = 2*c - 0*m + 3. Let n be -3 + 12 - (-2 - c)/(-1). Is v(n) a prime number?
True
Suppose 24*v + 9*v - 2173298 - 6018721 = 0. Is v a composite number?
False
Let u = 517 - 510. Suppose u*k - 25195 - 8706 = 0. Is k a prime number?
False
Let q(b) = 5 + 8*b + 8 - 2 + 179*b**2 - 121*b**2. Is q(-4) composite?
False
Let m(p) = -15*p**2 + 58*p + 28. Let y be m(-26). Let f = -8129 - y. Is f a prime number?
True
Let n(i) = 9*i + 12 - 5*i - 19. Let b be n(3). Suppose -4*l - 2773 = -b*u, 0 = 2*u - 2*l - l - 1105. Is u a composite number?
False
Let y(n) be the third derivative of n**4/24 + 12*n**2. Let l be y(3). Is -1 + 701/l + 2/6 a prime number?
True
Let p = 42021 + -23432. Is p prime?
False
Suppose -6*z = -380 + 464. Let y(o) = -o**3 - 6*o**2 + 23*o + 13. Is y(z) a composite number?
False
Let a(s) = -3 - s + 4 - 685*s**2 + 2*s. Let o(k) = -k**2 + k. Let j(c) = -a(c) + 4*o(c). Is j(1) prime?
True
Suppose 10*g - 37154 - 42846 = 0. Let b be (-61)/((-4)/g*-2) - 2. Is (4/(-6))/(12/b) composite?
False
Let y = -51207 + 299240. Is y a composite number?
False
Suppose 0 = 5*b - 2*b + 57. Is b/((-190)/2540)*(-382)/(-4) prime?
False
Suppose 200*l - 203*l = -101193. Is l a prime number?
False
Suppose -9*z + 2 = -25. Suppose -2*h + 514 = 4*f, -1202 = -5*h - z*f + 111. Suppose w = h + 436. Is w composite?
False
Let p(r) = 1492*r + 1833. Is p(4) a prime number?
False
Suppose 22*a - 18*a - 60 = 0. Suppose -5*k + 325 = a. Let j = k - -1139. Is j composite?
False
Let d be (-2 + 5)*(14 - -193). Suppose -j - 4*y + 2473 = 0, -2*j + 4260 = -5*y - d. Is j a prime number?
False
Let p(t) = 9*t - 12. Let j be p(6). Let a = -28 + j. Is 8/28 - (-1312)/a composite?
True
Suppose 0 = -6*r - r + 980. Suppose v - r - 123 = 0. Is v a prime number?
True
Suppose 20*s + 7*s - 5015063 - 304180 = 0. Is s a composite number?
False
Let x(z) = 129*z**2 + 19*z - 89. Is x(15) a composite number?
False
Let x(i) = -i**3 + 4*i**2 + 4*i + 4. Let l be x(5). Let u be (-4)/l - (-412 - 0). Let j = 83 + u. Is j composite?
False
Suppose -5*r + 9*n + 427860 = 8*n, -427850 = -5*r + 3*n. Is r prime?
False
Suppose 4*h - p - 245352 = 0, -24*h = -23*h - 2*p - 61331. Is h prime?
True
Suppose -4*g + 48897 = -7095. Let a = -4207 + g. Is a a prime number?
True
Let k(g) = 54119*g**2 - 17*g + 17. Is k(-2) prime?
False
Let n(f) = 40*f**2 - 5*f + 14. Suppose 5 = g + a, -2*g + a = -0*a + 5. Suppose 10*v - 5*v - 25 = g. Is n(v) a composite number?
True
Let t be 95/1*16/20. Let l(v) = 55*v**2 + 9*v - 43. Let z be l(12). Suppose 81*a = t*a + z. Is a a prime number?
True
Let f(x) = 67*x**3 - 22*x**2 + 180*x - 23. Is f(8) a composite number?
False
Suppose -156735 = -5*q + 94220. Is q prime?
False
Let y = 252431 - 154846. Suppose -30*b - 25525 + y = 0. Is b composite?
True
Is 4*122973 + 36 + -15 + -14 a composite number?
False
Let x = 71015 - -254612. Is x prime?
True
Suppose -3*h = 3*x - 1659126 - 569451, 4*h - 2971430 = -5*x. Is h composite?
True
Suppose s = 2*s + 54. Let q = -51 - s. Is (8/4)/1 + 642 + q a composite number?
False
Is (-1)/(-6)*(200856 - 198) a composite number?
True
Let p(y) = y**3 - 12*y**2 - 9*y - 6. Let j(h) = -h**3 + 12*h**2 + 9*h + 7. Let o(d) = 3*j(d) + 2*p(d). Let w be o(12). Let n = w + 1176. Is n a prime number?
False
Let w(c) = -c**3 - 29*c**2 + 32*c + 91. Let o be w(-30). Suppose -15704 = o*i - 103837. Is i composite?
False
Suppose -c + 3*t = -214247, 3*t - 310084 = -3*c + 332729. Is c a composite number?
True
Let y be 5*((-138)/(-30) - 1). Is 9/(-6)*(-10068)/y prime?
True
Suppose 9*s - 1538140 = -12253. Is s prime?
False
Let p(f) = 57*f**2 + 39*f - 251. Is p(35) a prime number?
False
Let g(t) = -43 + 106 + 208 + 66 + 6 - 2266*t. Is g(-6) a composite number?
True
Let u(b) = -b**3 - 5*b**2 + 25*b - 35. Is u(-52) composite?
False
Suppose -4*x + 0 = -72. Suppose 118249 = x*t + 41155. Is t a prime number?
True
Let x = 661364 - 361903. Is x a composite number?
True
Suppose -3*i = -175 + 115. Suppose 8*d = i*d - 60. Suppose 0 = 2*x + x + p - 757, 1267 = d*x + 3*p. Is x a prime number?
True
Let n be (-792)/(-120) - (-3)/(-5). Let d be (-3)/(-9) + (-2738)/n. Let g = d + 851. Is g prime?
False
Let w(s) = -2*s**3 - 2*s**2 + 8*s + 6. Let g be w(-5). Suppose -2*u + 296 = 4*r + u, 2*r - 3*u - g = 0. Is r prime?
False
Let x(y) = y + 1. Let g be x(2). Let v(c) = -7*c + 20. Let k be v(g). Is (-1 - (-1 + k))/(9/5697) a composite number?
True
Let d be ((-7)/((-14)/46))/(2/4). Let a = d + 116. Let c = -35 + a. Is c a composite number?
False
Let x = -43223 - -485010. Is x prime?
True
Let l(f) = 2*f + 21. Let t be l(-11). Let s be (-12 - t)/(4 + 9546/(-2388)). Let v = s + 7749. Is v composite?
False
Suppose -n + 68154 - 35598 + 74875 = 0. Is n prime?
False
Suppose 28 = 6*r - 2*r. Suppose a - r = m - 4*a, 0 = 5*m + 4*a - 23. Suppose -m*d = 5*d - 1624. Is d composite?
True
Let h be 8/14 - 282/(-21). Suppose 3562 = h*o - 7456. Is o a composite number?
False
Let m be -4*(5 + 42/(-6)). Is -4 - ((-26342)/4 + 4/m) prime?
True
Let a = 617406 - 161257. Is a a prime number?
True
Let l(w) = 20087*w - 191. Is l(6) prime?
True
Let